32 = 0, 3*z + 5*a + 0*a - 56 = 0. Let t(k) = 6*k - 69. Let u be t(z). Give v(u).
4
Suppose 4*u = 156 + 68. Let m = u + -56. Let n be ((-4)/(-1))/4*(0 - m). Let s(i) = -i**3 - i - 27. Give s(n).
-27
Let o(q) = 5*q - 11. Suppose 4*b + 2*h - 2 - 2 = 0, -4*b - 3*h + 4 = 0. Calculate o(b).
-6
Let a(p) = -p + 7. Let w(h) = -3*h**2 - h + 674. Let c be w(-15). Calculate a(c).
-7
Let t(l) = 13*l**2 - 10*l + 40. Let x(m) = 15*m**2 - 11*m + 42. Let w(g) = -7*t(g) + 6*x(g). What is w(5)?
-33
Let q(n) = 6*n - 30. Let c(m) = -m**3 - 2*m**2 + 140*m - 29. Let h be c(-13). Determine q(h).
30
Let x be ((-52)/6)/(((-196)/231)/14). Suppose -x = -10*l + 7. Suppose 0 = -10*t + l*t - 20. Let r(n) = -n**2 - 1. Calculate r(t).
-17
Let k(y) be the third derivative of y**6/120 + y**5/10 + y**4/4 + 5*y**3/6 - y**2. Let h(d) = -d**3 + 41*d**2 - 8*d + 323. Let v be h(41). Give k(v).
0
Let x be -17 - (-2)/(-1)*-1. Let n(t) = 6*t - 18531*t**2 - 1 - 8*t**3 + 18517*t**2 + 9*t + 7*t**3. Determine n(x).
-1
Let o(b) = -3*b + 8. Let q(n) = n + 1. Let r(c) = o(c) + 5*q(c). Let u = 17189 - 17199. Give r(u).
-7
Suppose -198 = 8*o - 294. Suppose -88*a = -76*a - o. Let p(s) be the first derivative of -23*s**3/3 - s**2/2 + s + 2. Calculate p(a).
-23
Let n(k) = -349*k**3 + 25*k**2 + 108*k + 48. Let y(q) = -70*q**3 + q - 1. Let i(g) = -n(g) + 5*y(g). Determine i(-20).
7
Let w(r) = -r**3 - 15*r**2 + 16*r + 5. Suppose 170 = 20*h + 490. Give w(h).
5
Let f(r) = -r**2 - 8*r + 7. Suppose 0 = 3*y - 3*x + 60, 4*y - 8*y + 3*x = 84. Let z be -3*2*(25 + y). Give f(z).
19
Let l(c) = 41 + 588*c**3 - 6*c**2 + 610*c**3 - 1815*c**3 + 10*c + 616*c**3. Give l(-7).
20
Let b(j) = -2*j**2 + 17*j + 29. Suppose 3*a = 5*o + 30, -378 + 358 = -2*a - 3*o. What is b(a)?
-1
Suppose -22*g + 79 = -3*k - 21*g, 2*k - 4*g = -36. Let c(h) = -10*h - 286. Determine c(k).
-6
Let o(i) = 34*i - 1. Let a(k) = k**3 - 5*k**2 + 154*k + 1. Let b(u) = a(u) - 5*o(u). Calculate b(7).
-8
Let v be (-4)/12 - (-224)/42. Suppose -5*z + 5 = -v*d, 2*z - 5*d - 2 = -6*d. Let h(f) = f**2 - f. Calculate h(z).
0
Let z(h) = 8*h - 3. Let x(n) = 7*n - 4. Let i(d) = -2*x(d) + 3*z(d). Let f = -184 - -186. What is i(f)?
19
Let x(h) = 2*h**2 + 2*h + 2. Let v be (4/(-6))/((-19)/(-57)) + 10. Let f be 1 - -1 - (v + -3). Give x(f).
14
Suppose 3*s - 6 = -3*d, -16*d + 18 = -11*d + s. Let j(b) = -2 - 75*b**2 - d + 74*b**2 - 7*b. Give j(-8).
-14
Let b(s) = 3*s + 2. Suppose 0 = 11*h - 25*h + 938. Suppose 28 = h*j - 71*j. What is b(j)?
-19
Suppose -9 - 3 = -4*h. Suppose -25 = -h*s - 5*q + q, -4*s - q = -16. Suppose s*g = 22 + 2. Let y(i) = i**2 - 10*i + 10. What is y(g)?
-6
Suppose 3*m = -1966 + 2038. Let r(b) = b**3 - 25*b**2 + 24*b - 51. Calculate r(m).
-51
Suppose 0 = 476*c - 481*c - 25. Let z(v) = -v**3 - 4*v**2 - 5*v - 4. Determine z(c).
46
Let h = 18 - 13. Let d(p) = 33*p**2 - 53061 - 32*p**2 + 53068 - 11*p. Give d(h).
-23
Let z(w) = -w**3 + 9*w**2 - 8*w + 2. Suppose 5*l = -15, 2*b + 9 = -2*l - 5. Let o be -6 + (-31)/(-2) + 6/b. Determine z(o).
2
Let p(t) = -8*t - 1. Let u(n) = -n**2 + 8*n + 3. Let z(s) = 7*s + 8. Let c be z(0). Let g be u(c). Suppose 0 = g*a + 4*w - 5, -w + 2*w + 3 = -5*a. Give p(a).
7
Let i(h) = 2*h + 41. Let z be i(-17). Let f(u) = -7*u + 43. Let j be f(z). Let p(n) = -3*n - 1. Give p(j).
17
Suppose 47*t = -11 - 1117. Let q(f) = -2*f**2 - 47*f + 20. Give q(t).
-4
Let b(y) be the second derivative of -y**5/120 - y**4/6 + 5*y**3/6 + 11*y**2 - 220*y. Let g(x) be the second derivative of b(x). Calculate g(6).
-10
Suppose -2*f + 3*u = 0, -u = -2*f + 3*u - 2. Let p be (28/12 - f) + 62/(-6). Let v be (-9 - p)/(2/3). Let s(j) = j + 4. Give s(v).
7
Let q(f) = -3*f - 41. Suppose -4*c = -2*w + 44, 0 = 5*w + 163 - 153. Calculate q(c).
-5
Suppose 2*g + 5 = -5, 0 = 5*b - g + 180. Let l = -35 - b. Let p(m) = 0*m - m**2 - 7*m - 10 + 1 + l. Determine p(-5).
3
Let l(a) be the second derivative of a**4/3 - a**2 + 3*a + 13. Let k be (-2)/(-8)*4 + -4. Let b(i) = i**2 - 1. Let o(f) = k*b(f) + l(f). Give o(2).
5
Let s be (392/(-28))/(14 + -15). Let u(l) = -8*l**2 + 11*l + 7*l**2 + 11 + 3*l. Give u(s).
11
Let t(g) = 2*g**2 - g**3 + 4*g - 5 + 2*g**2 - 5*g. Let p be 276/(-23) + (-1656)/(-96) - (-5)/(-4). Calculate t(p).
-9
Let m(h) be the second derivative of h**8/6720 + h**7/2520 - h**5/4 + 43*h**4/3 - h**2/2 + 152*h. Let p(r) be the third derivative of m(r). Determine p(0).
-30
Let a = -267 - -270. Let o(t) = -t**a - 4 + 2*t**3 - t + 0 - 4*t**2 + 1. Give o(3).
-15
Let m(n) = n - 6. Let d = -198 - -195. Let g be 4 + d + -4 + -9. Determine m(g).
-18
Suppose -12*b = -11*b - 2*g - 10, -1 = 2*b + 3*g. Suppose -6*s = -2*s - b. Let x(c) = -2*c**3 - c + 1. Determine x(s).
-2
Let t(y) = -y**3 - 3*y**2 + 7*y + 5. Suppose 139*f = 133*f + 3660. Let s = 606 - f. Determine t(s).
-7
Let v(m) = m**3 + 10*m**2 + m + 14. Suppose 118*u - 450 = 109*u. Suppose -216*w = -221*w - u. Determine v(w).
4
Let n be ((-10)/(-32))/(4695/2504). Let i(t) be the second derivative of n*t**3 - 2*t**2 + 13*t + 0. What is i(0)?
-4
Let q(k) = -3*k**3 + 3*k**2 - 10*k - 8. Let v(y) = 12*y**3 + 8 - 7*y**3 - 144*y**2 + 143*y**2 + 10*y. Let f(c) = 3*q(c) + 2*v(c). Calculate f(-8).
8
Let x(w) be the first derivative of w**6/360 + w**5/40 - w**4/8 + 6*w**3 + 79. Let r(i) be the third derivative of x(i). Give r(-4).
1
Let d(u) = 5*u**2 + u. Suppose -2*m - 12 - 196 = 0. Let w = m - -49. Let n = w - -53. Calculate d(n).
18
Let h(y) = 3*y**3 + 29*y**2 + 23*y + 43. Let q(v) = -5*v**3 - 31*v**2 - 22*v - 43. Let d(z) = -3*h(z) - 2*q(z). Give d(26).
-17
Suppose -126*w = -529 + 25. Let x(i) = 2*i**2 - 8*i. Determine x(w).
0
Suppose -5 = 3*n + 2*n. Let d(y) = -3*y**2 - 20*y - 7. Let u(m) = 34*m**2 + 230*m + 80. Let j(o) = 23*d(o) + 2*u(o). Determine j(n).
-2
Let d be 1/3*30/2 - 4. Let o be (2 - -6) + -5 + d + -6. Let r be (-12)/2*-1*(o + 1). Let p(a) = -a**3 - 5*a**2 + 5*a - 7. Give p(r).
-1
Let p(g) be the first derivative of g**5/60 + g**4/4 + g**3/3 - g**2/2 + g + 157. Let t(o) be the second derivative of p(o). Determine t(-4).
-6
Let t be (0/(-1))/(-5) + 24. Let y be (4 + (-11)/3)*1*t. Suppose -8*b = y*b - 48. Let w(s) = -s - 3. Calculate w(b).
-6
Let s(l) = -2*l**2 - 3*l - 2. Suppose 8*x = -1665 - 255. Let u = -241 - x. What is s(u)?
-1
Let y be 9/2 + (-2)/(-4). Let b(o) = -15468*o**3 + 4*o**2 + 30925*o**3 + 6*o - 15458*o**3 + 3. Give b(y).
8
Let o(g) = -6*g + 2. Suppose 0 = -4*h - 5*l + 11, -41*h - 3*l = -38*h - 9. Determine o(h).
-22
Let r(c) be the second derivative of -c**6/120 - c**5/12 - 41*c**2 + c + 21. Let s(a) be the first derivative of r(a). Determine s(-5).
0
Let n(a) be the first derivative of -8*a**2 + 5*a - 1939. Give n(-1).
21
Let h(u) = -u**2 - 2*u + 11. Suppose -45 = 237*i - 234*i - 3*q, 4*q - 12 = -2*i. Give h(i).
-37
Suppose -16*x + 166 = 102. Let t(d) = -2*d + d - 3 + d**2 - 3*d + 2*d. What is t(x)?
5
Let v(t) be the first derivative of 7*t**6/60 - t**5/30 + t**3/6 + t**2 + 19*t - 8. Let p(g) be the second derivative of v(g). Calculate p(1).
13
Let i(z) = z**2 + 7*z + 1. Let o(p) = 2*p + 4. Let l be o(0). Suppose -l*d + 2 = 3*b + d, 18 = 4*b - d. Suppose b - 11 = g. Calculate i(g).
1
Let l(x) = x**3 - 10*x**2. Let w be (-23)/(-2) + 6 - 2/4. Suppose -2*u - 5*o = 0, 4*o + 19 = 2*u - w. Calculate l(u).
0
Let h(f) be the third derivative of -f**4/24 + 4*f**3/3 - 12*f**2. Let g be (-4 + (3 - 0))/(1/(-10)). Let n be ((-28)/8)/(5/g). Determine h(n).
15
Let v(f) = -2 + 13 + 1 - 36 + 13 - 6*f - f**2. Give v(-5).
-6
Let g = 132 - 130. Let b(l) = -2 + 10 - 4 + g*l + 2 - l**2. What is b(0)?
6
Suppose 3*b - 40 + 16 = 0. Let v be (6 - (-2 - -4)) + -2. Let i(o) = 0*o**2 + o**v - 8*o + 21 - 14. Calculate i(b).
7
Let p(n) be the first derivative of 6*n**2 + 145*n + 2856. Give p(-13).
-11
Let p(z) = -11*z - 1. Let j(d) = 12*d. Suppose -153 + 132 = -7*f. Let y(k) = f*j(k) + 4*p(k). Determine y(-4).
28
Let g(u) be the first derivative of 4 + 1/3*u**3 - 8*u + 7/2*u**2. Let o(l) = -31*l - 100. Let f be o(-3). Calculate g(f).
-8
Let j(d) be the third derivative of 2*d**5/15 - d**4/8 - d**3/6 - d**2 - 561. Give j(-2).
37
Let g(k) = -2*k**2 - 15 - k**2 - 2 + 4 - 1839*k + 1845*k. Give g(-6).
-157
Let m(w) = 0*w**2 - 10*w**2 - 4 - w**2 - 6*w. Suppose 5*k - t - 38 = -9, 5*k - 9 = -4*t. Let g(n) = 9*n**2 + 6*n + 4.